 and 68.
17
What is the highest common divisor of 260 and 30?
10
What is the highest common divisor of 253 and 46?
23
What is the greatest common factor of 8213 and 43?
43
What is the greatest common factor of 9184 and 64?
32
Calculate the greatest common divisor of 1370 and 20.
10
What is the highest common divisor of 725 and 377?
29
Calculate the highest common divisor of 4336 and 16.
16
Calculate the highest common divisor of 462 and 1056.
66
What is the greatest common divisor of 205 and 15416?
41
Calculate the highest common factor of 84 and 119.
7
What is the greatest common factor of 99 and 123?
3
Calculate the greatest common divisor of 78 and 18.
6
What is the greatest common factor of 64 and 4?
4
What is the greatest common divisor of 1828 and 28?
4
What is the greatest common divisor of 9 and 39?
3
What is the highest common factor of 231 and 105?
21
What is the greatest common divisor of 60 and 4332?
12
What is the greatest common factor of 17129 and 7?
7
Calculate the greatest common divisor of 7224 and 168.
168
What is the highest common divisor of 668 and 4843?
167
What is the greatest common factor of 90 and 20?
10
Calculate the greatest common factor of 488 and 232.
8
Calculate the highest common factor of 39 and 3.
3
What is the greatest common factor of 2672 and 835?
167
Calculate the highest common factor of 107 and 2675.
107
What is the highest common factor of 203 and 28?
7
Calculate the highest common factor of 9 and 18027.
9
What is the greatest common divisor of 39 and 403?
13
Calculate the highest common factor of 1984 and 62.
62
Calculate the highest common factor of 180 and 1380.
60
Calculate the greatest common factor of 66 and 1419.
33
Calculate the greatest common divisor of 15 and 140.
5
Calculate the highest common divisor of 57 and 15.
3
What is the greatest common factor of 128 and 64?
64
What is the greatest common factor of 124 and 164?
4
What is the highest common factor of 287 and 14?
7
What is the greatest common factor of 855 and 2375?
95
What is the greatest common divisor of 9 and 1830?
3
Calculate the highest common factor of 120 and 72.
24
What is the highest common factor of 70 and 60?
10
What is the greatest common factor of 390 and 120?
30
What is the greatest common divisor of 896 and 96?
32
What is the greatest common factor of 300 and 60?
60
What is the greatest common divisor of 516 and 2838?
258
Calculate the greatest common factor of 1968 and 40.
8
What is the greatest common divisor of 13 and 104?
13
What is the greatest common factor of 8176 and 224?
112
What is the greatest common factor of 136 and 6562?
34
What is the highest common factor of 108 and 96?
12
What is the highest common divisor of 92 and 138?
46
What is the highest common factor of 376 and 423?
47
What is the highest common divisor of 655 and 3537?
131
Calculate the greatest common factor of 522 and 48.
6
What is the highest common factor of 1720 and 40?
40
Calculate the highest common divisor of 36 and 2196.
36
What is the highest common factor of 18 and 738?
18
What is the highest common divisor of 351 and 1107?
27
What is the highest common divisor of 5010 and 75?
15
What is the greatest common factor of 640 and 20?
20
What is the highest common divisor of 68 and 85?
17
What is the greatest common divisor of 13 and 2067?
13
What is the greatest common divisor of 9280 and 640?
320
Calculate the highest common factor of 872 and 3161.
109
Calculate the greatest common divisor of 17 and 4.
1
What is the highest common factor of 435 and 525?
15
Calculate the highest common divisor of 13433 and 399.
133
What is the highest common factor of 63 and 153?
9
What is the greatest common factor of 120 and 6660?
60
What is the highest common factor of 620 and 20?
20
What is the greatest common factor of 38 and 38?
38
Calculate the greatest common divisor of 1127 and 184.
23
Calculate the greatest common factor of 1219 and 3233.
53
Calculate the greatest common factor of 4175 and 25.
25
Calculate the highest common factor of 226 and 8927.
113
What is the greatest common divisor of 8 and 6?
2
What is the highest common divisor of 7209 and 9?
9
Calculate the highest common factor of 124 and 12.
4
Calculate the highest common divisor of 2466 and 18.
18
What is the highest common factor of 1292 and 228?
76
What is the greatest common factor of 63 and 42?
21
What is the highest common divisor of 39 and 624?
39
Calculate the highest common divisor of 1525 and 1150.
25
What is the greatest common factor of 261 and 45?
9
Calculate the greatest common divisor of 62 and 2077.
31
What is the highest common factor of 484 and 275?
11
What is the greatest common factor of 1128 and 1944?
24
What is the highest common divisor of 126 and 2583?
63
Calculate the greatest common divisor of 830 and 10.
10
What is the greatest common factor of 297 and 33?
33
Calculate the greatest common factor of 2703 and 9.
3
What is the greatest common factor of 9 and 2592?
9
What is the greatest common factor of 217 and 558?
31
Calculate the greatest common factor of 528 and 192.
48
Calculate the highest common divisor of 2992 and 20.
4
Calculate the greatest common factor of 76 and 228.
76
Calculate the greatest common factor of 29 and 29.
29
What is the greatest common factor of 80 and 34040?
40
Calculate the greatest common factor of 820 and 100.
20
Calculate the greatest common factor of 112 and 48.
16
Calculate the greatest common factor of 1738 and 22.
22
What is the highest common factor of 42 and 602?
14
What is the greatest common factor of 1020 and 12?
12
Calculate the highest common divisor of 14 and 6776.
14
Calculate the greatest common factor of 2201 and 1333.
31
What is the greatest common divisor of 13014 and 3?
3
Calculate the highest common factor of 18 and 18594.
18
What is the greatest common divisor of 87 and 232?
29
What is the highest common factor of 624 and 240?
48
Calculate the highest common factor of 2 and 1262.
2
Calculate the highest common divisor of 2 and 2871.
1
What is the highest common factor of 34 and 221?
17
What is the highest common divisor of 4 and 692?
4
What is the highest common divisor of 352 and 22?
22
Calculate the greatest common divisor of 96 and 336.
48
What is the greatest common divisor of 65 and 585?
65
Calculate the highest common factor of 69 and 92.
23
What is the highest common factor of 1360 and 100?
20
What is the highest common divisor of 25 and 2725?
25
What is the greatest common factor of 140 and 1932?
28
What is the greatest common factor of 2900 and 100?
100
What is the greatest common divisor of 76 and 2128?
76
What is the greatest common divisor of 2032 and 16?
16
What is the highest common divisor of 7854 and 136?
34
Calculate the highest common factor of 65 and 585.
65
What is the greatest common divisor of 27913 and 103?
103
What is the highest common factor of 125 and 5?
5
What is the highest common divisor of 51 and 2176?
17
What is the highest common divisor of 102 and 9231?
51
What is the highest common divisor of 8995 and 35?
35
What is the greatest common divisor of 111 and 37?
37
What is the greatest common factor of 132 and 330?
66
What is the greatest common factor of 783 and 319?
29
Calculate the greatest common factor of 205 and 14555.
205
Calculate the highest common factor of 81 and 2565.
27
What is the highest common factor of 45 and 2940?
15
Calculate the greatest common factor of 5643 and 1672.
209
Calculate the highest common factor of 1148 and 35875.
287
Calculate the greatest common divisor of 7500 and 25.
25
Calculate the greatest common divisor of 28 and 8204.
28
Calculate the highest common factor of 12001 and 11.
11
Calculate the greatest common divisor of 3060 and 3.
3
Calculate the highest common factor of 34 and 3434.
34
What is the greatest common factor of 158 and 158?
158
What is the highest common factor of 1784 and 2?
2
Calculate the highest common divisor of 103 and 7313.
103
What is the highest common factor of 5629 and 130?
13
What is the highest common divisor of 295 and 177?
59
Calculate the highest common factor of 1065 and 105.
15
Calculate the highest common factor of 1296 and 160.
16
Calculate the highest common divisor of 15 and 195.
15
What is the highes